derivative of -c**4/12 + c**3 + 11*c. What is w(8)?
-16
Let w(l) be the second derivative of 2*l**5/5 - l**2/2 + l. Let g be -2 + (-2)/(2/(-3)). Give w(g).
7
Let g(k) = 4*k**2 - 6*k**2 - k**2 - 5 - k**3 - 4*k**2. What is g(-7)?
-5
Let a(s) be the third derivative of s**6/120 - s**5/30 + s**3/6 - 14*s**2. Calculate a(2).
1
Let x be -3 - 2/(0 + -1). Let n(a) = a - 1. Let l(c) be the third derivative of c**5/60 - 5*c**4/24 - c**3/3 + 2*c**2. Let b(o) = x*l(o) - 4*n(o). What is b(0)?
6
Suppose -2*p + 4 - 2 = 0. Suppose 0 = 4*k + 3*x - 5 - 3, x + 8 = 4*k. Let g(y) = 0*y**2 - 20*y**3 + 11*y**3 + 1 - y**k. Give g(p).
-9
Let s = 70 - 68. Let q(i) = -i**3 + 2*i**2 - i - 2. What is q(s)?
-4
Let x(v) be the second derivative of 0 + 0*v**2 + 1/6*v**3 + 3*v. Give x(0).
0
Let v(n) = -2*n - 7. Let t be v(-5). Let f(q) = -t - q - 3 + 2. Let k be -1*4*(-2 + 3). What is f(k)?
0
Let u = 14 + -13. Let b(d) = 3*d**2 - d + 1. Let t(i) = -i**2. Let y(s) = u*b(s) + 4*t(s). Let v(j) = -2*j. Let w be v(1). Give y(w).
-1
Let u(p) = 2*p - 1. Let s(b) = -b - 1. Suppose -3*x + 1 = -2*x. Let q(h) = x*u(h) + 3*s(h). Suppose 6*v - 5*v + 2 = 0. Calculate q(v).
-2
Suppose 6*f = f + 135. Suppose f = -5*j - 3. Let t be 5/30 + (-5)/j. Let i(m) = 7*m**3 + m**2 - m + 1. Calculate i(t).
8
Let u(q) = q + 10. Suppose 0 = 7*d - 3*d + 28. Calculate u(d).
3
Let u(s) = -s + 1. Let m(z) = 2*z - 2. Let j(l) = 2*m(l) + 3*u(l). Determine j(-1).
-2
Let i(j) = j. Let k(g) = 5*g - 1. Let v be 1 + -1 + -1 + 0. Let f(t) = v*k(t) + 3*i(t). Let d(b) = -3*b - 1. Let m be d(-1). Calculate f(m).
-3
Let h(f) be the first derivative of f**3/3 - 3*f**2/2 - 2*f - 12. What is h(-2)?
8
Let f(s) = 0*s - 3*s + s. Suppose -r + 2 = -1. Suppose 5 = -r*g + 2. Give f(g).
2
Let l(p) = p**2 + 7*p + 7. Let h(g) = 74*g + 1 - 38*g - 38*g. Let j = -3 + 6. Let v be h(j). Determine l(v).
-3
Let o be 9/(15/5) - -10. Let a(v) = -v**3 + 14*v**2 - 14*v + 2. What is a(o)?
-11
Let c(y) = -2 + 0 + 7*y - 6*y**2 - y**3 + 2*y**3. Suppose 23 = -2*n - 1. Let d = -7 - n. Calculate c(d).
8
Let k(b) = 3*b + 1. Suppose 0 = 6*h - h - 40. Suppose -3*w + 2*w = j, w - 3*j - h = 0. Calculate k(w).
7
Let s be 155/62*(-1 + -1). Let d(r) = r**2 + 4*r + 4. What is d(s)?
9
Let v(a) = -a**3 - a**2 + a + 1. Let z be v(-1). Let x(m) = -m - 2. Let w be x(z). Let h(p) be the third derivative of -p**4/12 - p**3/3 + p**2. What is h(w)?
2
Let l(q) = -11*q**2 + 10*q**2 + 1 - q**3 + q + 0*q**3. Give l(-2).
3
Let i(j) = j**3 - 2*j**2 - 2*j - 1. Suppose 0 = -2*k + 4 - 0. Calculate i(k).
-5
Let h(n) be the first derivative of -n**4/4 + 8*n**3/3 - 4*n**2 + 8*n + 19. Determine h(7).
1
Let w(r) be the third derivative of r**5/60 + r**4/6 + r**3 - r**2. Let x be 12/20 + (-24)/(-10). Let a = -7 + x. What is w(a)?
6
Let w(r) = -r**2 + 0*r - 3*r + 6*r. Suppose -7 - 1 = 5*h + 4*l, -4*l = 4*h + 4. Let k be -4*h/(-4) - -7. Give w(k).
0
Suppose 0 = 3*g - 4*v + 25, 3 + 1 = -4*g - 2*v. Let o(y) = -3*y + 2*y - 4*y**2 + 1 - 3 + 3*y**2. Calculate o(g).
-8
Let x(t) = 0 - 5*t**2 + t + 0*t + 6*t**2 + 3. Determine x(-3).
9
Let u(t) be the third derivative of t**6/120 + t**5/15 + t**4/6 + t**3/2 + 8*t**2. Give u(-3).
0
Let y(n) = 0*n + 0*n + n + 2. Give y(2).
4
Let l(j) be the first derivative of -j**3/3 - 2*j**2 + 4*j + 3. Let u(i) = i**2 - 10*i - 5. Let z be u(10). Give l(z).
-1
Suppose 2*j = -j + 60. Suppose -2*r = 2*r - j. Let n(h) be the second derivative of -h**3/3 + 3*h**2 + h. What is n(r)?
-4
Suppose -3*d - 19 = -4. Let z(q) = -6*q**2 + q + 6. Let b(v) = 7*v**2 - 2*v - 7. Let l(r) = -5*b(r) - 6*z(r). Calculate l(d).
4
Let z = -155 + 158. Let m(u) = -2*u**3 + 4*u**2 + 2*u - 2. Determine m(z).
-14
Let g(w) = 6*w + 6 + 3*w - 7*w. Suppose 2*a = -4*t - 14, -5*a + a = -4*t + 16. Calculate g(a).
-4
Suppose 12 - 22 = t. Let v(w) = w**2 + 10*w + 3. Calculate v(t).
3
Let w(b) = -b + 10. Let u(m) = m**2 - 5*m - 1. Let h be u(6). Suppose 24 = 2*c - 2*n + 3*n, -5*n = 4*c - 54. Suppose -14 = -h*r + c. Calculate w(r).
5
Let t(o) be the second derivative of o**3/2 + 2*o**2 + 26*o. Determine t(-3).
-5
Let q(d) = 6*d + 3 - 8*d + 1. What is q(3)?
-2
Let m(l) be the second derivative of -l**4/12 - l**3 - l**2/2 + 4*l. What is m(-5)?
4
Let u(o) = -2*o**3 + o**2 - o - 1. Let w = -1 - -6. Let i = w + -6. Calculate u(i).
3
Let c be 1/(-4) - 3*104/(-96). Let z(n) be the first derivative of -3*n**2 - 1/3*n**c - 4 - 3*n. What is z(-3)?
6
Let s(h) = 10*h**2 + 5*h - 2 - 3*h**2 - 6*h**2 + 0. Let r(k) = -3 + 3*k**2 - k**3 + 0*k - 2*k**2 + k. Let u be r(0). What is s(u)?
-8
Let x(i) = -1. Let k(o) = o**2 - 6*o + 5. Let f(l) = -k(l) - 5*x(l). Suppose -16 = 5*z + 2*j - 45, -15 = -z - 5*j. Calculate f(z).
5
Let g(m) = m + 6. Let w(h) = -h**2 - 4*h + 6. Let p(c) = -c - 19. Let a be p(-13). Let l be w(a). Give g(l).
0
Let k(h) be the second derivative of -h**7/840 + h**6/180 + h**5/120 - h**3/3 - 3*h. Let j(i) be the second derivative of k(i). Give j(2).
2
Let l = -11 - -18. Let o = l + -6. Let s(m) be the second derivative of -m**5/10 - m**4/12 + m**3/3 - m**2/2 + 2*m. Give s(o).
-2
Let v(h) be the second derivative of -h**5/20 + h**4/3 + h**3/3 + 7*h**2/2 - h. Suppose 2*k + 0*g - g - 14 = 0, 5*g + 10 = -2*k. Calculate v(k).
-8
Let k(y) be the third derivative of y**5/60 - 3*y**4/8 - y**3 - 2*y**2. Let a(c) = 4 + 4*c - 3 + 2. Let w(i) = -5*a(i) - 2*k(i). Calculate w(-2).
-7
Suppose -3*j - 9 = 5*i, -2*j - 2 = i + 4. Let m be 5/(5/2) + i. Let b(n) = 4*n**2 - 3*n + 3. Determine b(m).
13
Suppose -2*b + 3 = b. Let f(n) = n**2 + 1. Let l be f(b). Let h(t) = t + 1 - t + l + 3*t. Calculate h(-2).
-3
Let b(q) be the first derivative of q**2 + 5*q - 5 - 1/4*q**4 - 4/3*q**3. Suppose 2*c = -2*u - 0*c - 14, 3*u - c + 9 = 0. Give b(u).
-3
Suppose -2*j - j + 3 = 0. Let x(z) = z + 1. Suppose s - 3*i = 2, -19 = 3*s + 2*i - 3. Let p(m) = -6*m + 3. Let v(u) = s*x(u) + p(u). Give v(j).
-11
Let n(k) = -1 - 2*k + 0 - k**2 - 2. Calculate n(-4).
-11
Let o(w) = w**2 - 6*w + 5. Let m be o(6). Let n(b) = b - 5. Give n(m).
0
Let d(q) = 25*q**3 - 41*q**3 + 7 + 15*q**3. What is d(0)?
7
Let j(i) be the third derivative of -i**4/12 - i**3/3 - i**2. Suppose l = 2 - 0. Determine j(l).
-6
Let z(j) = 5*j**3 - j**2 + 0*j**3 + 2*j + 4 - 3*j**2 - 6*j**3. Let c(m) = -m**2 - 6*m + 8. Let b be c(-6). Suppose -2*x + b = -4*x. Give z(x).
-4
Let z(t) be the second derivative of 0 + 1/6*t**3 + 1/2*t**4 - 1/20*t**5 - 2*t**2 - 4*t. What is z(6)?
2
Let m(b) = b**2 + b + 8. Let d be m(0). Suppose d*g - 3*g = 0. Let x(q) = q**3 + q**2 - q - 11. Calculate x(g).
-11
Let r(i) be the third derivative of -i**5/5 + 13*i**4/24 - i**2. Let t(b) = 6*b**2 - 7*b. Let f(l) = -6*r(l) - 11*t(l). What is f(1)?
5
Let j(w) = -w**3 + w**2 + 6*w - 4. Let c be j(3). Let z(m) = m. What is z(c)?
-4
Let n = -48 + 30. Let o be 4/n - 208/36. Let a(k) = -k + 4. What is a(o)?
10
Let s(a) = -6*a**3 + 2*a**2 - 1. Suppose x = -3*c - 0*c + 38, 51 = 4*c + x. Let k(g) = 0 - g**2 + c*g + 0 + 1. Let n be k(13). What is s(n)?
-5
Let o(t) = t**3 + 5*t**2 - 4*t + 1. Suppose -2*g - 7 + 21 = -3*j, -2*j + 16 = 5*g. Suppose g*c + 2*k + 28 = 0, k = 5*c - 11 + 39. What is o(c)?
-11
Let p(d) be the third derivative of -d**5/60 + d**4/24 + d**3/6 + 10*d**2. Give p(2).
-1
Let p(w) = -w. Let v(h) be the third derivative of 0 + 3*h**2 + 1/6*h**3 + 0*h. Let d(y) = -p(y) - v(y). Calculate d(5).
4
Let z be 1 - 2 - 0/(-4). Let r(i) = -i**2 + 30*i - 11. Let j(v) = -v**2 + 14*v - 5. Let x(n) = 13*j(n) - 6*r(n). Give x(z).
-8
Let m(z) = -z**3 + 6*z**2 - 4 + z**3 - 3*z**3 + 2*z**3. Let i be m(6). Let d(l) = -l**2 - 4*l. Determine d(i).
0
Let p(a) = -2*a + 3. Let n = -19 - -15. Give p(n).
11
Suppose 25 = -8*o + 57. Let a(k) = -k + 5. Calculate a(o).
1
Let d(f) = 3*f**2 + 13*f + 5. Let q(b) = -b**2 - 6*b - 3. Let k(g) = -2*d(g) - 5*q(g). Let y be (-3 - -1) + (16 - 3). Let n = y + -6. Give k(n).
0
Suppose 8 + 7 = 5*c. Let b(z) be the second derivative of -1/6*z**3 + c*z + 1/2*z**2 + 0. Give b(-1).
2
Suppose -3 = 3*k - 18. Let l(a) = 2*a - 13 + 2 - a. What is l(k)?
-6
Let c(j) be the second derivative of -5*j**4/24 - j**3/6 + j**2 - 2*j. Let g(l) be the first derivative of c(l). Give g(1).
-6
Let v(d) be the second derivative of 1/2*d**3 - 3*d + 1/12*d**4 + 0 - d**2. Give v(-2).
-4
Suppose 3*h = -0*h - 15. Let l =